{"id":2,"date":"2023-03-19T17:56:36","date_gmt":"2023-03-19T17:56:36","guid":{"rendered":"https:\/\/neu.medical-team-mutschellen.ch\/?page_id=2"},"modified":"2023-03-19T19:10:37","modified_gmt":"2023-03-19T19:10:37","slug":"sample-page","status":"publish","type":"page","link":"https:\/\/www.medical-team-mutschellen.ch\/?page_id=2","title":{"rendered":"News"},"content":{"rendered":"\n<p>Aktuelles zum Medical Team Mutschellen:<\/p>\n\n\n\n<div class=\"wp-block-query is-layout-flow wp-block-query-is-layout-flow\"><ul class=\"wp-block-post-template is-layout-flow wp-block-post-template-is-layout-flow\"><li class=\"wp-block-post post-1515 post type-post status-publish format-standard hentry category-news\">\n\n<div class=\"wp-block-group\" style=\"padding-top:30px;padding-right:30px;padding-bottom:30px;padding-left:30px\"><div class=\"wp-block-group__inner-container is-layout-flow wp-block-group-is-layout-flow\"><h2 class=\"wp-block-post-title\"><a href=\"https:\/\/www.medical-team-mutschellen.ch\/?p=1515\" target=\"_self\" >Firmenkurse: M\u00f6chten Sie eine Kurs in der Firma? Einfach melden, wir sind f\u00fcr Sie da<\/a><\/h2>\n\n<div class=\"wp-block-post-excerpt\"><p class=\"wp-block-post-excerpt__excerpt\">z.B. 2-3 oder 4h im Betrieb wieder die neuesten Guidelines BLS-AED 25 kennen oder ganz einfach Fallbeispiele im eigenen Betrieb erleben und Erkenntnisse sammeln. <\/p><\/div><\/div><\/div>\n\n<\/li><li class=\"wp-block-post post-1485 post type-post status-publish format-standard hentry category-news\">\n\n<div class=\"wp-block-group\" style=\"padding-top:30px;padding-right:30px;padding-bottom:30px;padding-left:30px\"><div class=\"wp-block-group__inner-container is-layout-flow wp-block-group-is-layout-flow\"><h2 class=\"wp-block-post-title\"><a href=\"https:\/\/www.medical-team-mutschellen.ch\/?p=1485\" target=\"_self\" >Wir suchen dringend Verst\u00e4rkung!!<\/a><\/h2>\n\n<div class=\"wp-block-post-excerpt\"><p class=\"wp-block-post-excerpt__excerpt\">Fachpersonal: RS, TS, aktive Pflegepersonal oder MPA mit etwas Erfahrung im Akutbereich sowie Personal Stufe 3 IVR. Logisch ist jeder willkommen, der sich aufschulen l\u00e4sst und aktiv im Vereinsleben teilnehmen will. <\/p><\/div><\/div><\/div>\n\n<\/li><li class=\"wp-block-post post-1347 post type-post status-publish format-standard hentry category-news\">\n\n<div class=\"wp-block-group\" style=\"padding-top:30px;padding-right:30px;padding-bottom:30px;padding-left:30px\"><div class=\"wp-block-group__inner-container is-layout-flow wp-block-group-is-layout-flow\"><h2 class=\"wp-block-post-title\"><a href=\"https:\/\/www.medical-team-mutschellen.ch\/?p=1347\" target=\"_self\" >\u00dcbungen  07.04.26 (Thema: Hightlights im Sanit\u00e4tsdienst (Bergungen etc.). Am 05.05.26 (Thema: Alles isch rot (rund um Blutungen, Aufgaben+Zusammensetzung Blut). Am 09.06.26 Thema: Das m\u00fcend mir ch\u00f6ne (Alles was es Stufe 3 IVR k\u00f6nnen sollte). Am 07.07.26 N\u00fct isch bruchsicher (Alles \u00fcber Br\u00fcche etc.)<\/a><\/h2>\n\n<div class=\"wp-block-post-excerpt\"><p class=\"wp-block-post-excerpt__excerpt\">Start um 20h\/\/ Kreisschule Berikon\/\/ Schnuppern erlaubt, bitte via Kontaktformular anmelden <\/p><\/div><\/div><\/div>\n\n<\/li><\/ul><\/div>\n","protected":false},"excerpt":{"rendered":"<p>Aktuelles zum Medical Team Mutschellen:<\/p>\n","protected":false},"author":1,"featured_media":0,"parent":0,"menu_order":0,"comment_status":"closed","ping_status":"closed","template":"","meta":{"footnotes":""},"class_list":["post-2","page","type-page","status-publish","hentry"],"_links":{"self":[{"href":"https:\/\/www.medical-team-mutschellen.ch\/index.php?rest_route=\/wp\/v2\/pages\/2","targetHints":{"allow":["GET"]}}],"collection":[{"href":"https:\/\/www.medical-team-mutschellen.ch\/index.php?rest_route=\/wp\/v2\/pages"}],"about":[{"href":"https:\/\/www.medical-team-mutschellen.ch\/index.php?rest_route=\/wp\/v2\/types\/page"}],"author":[{"embeddable":true,"href":"https:\/\/www.medical-team-mutschellen.ch\/index.php?rest_route=\/wp\/v2\/users\/1"}],"replies":[{"embeddable":true,"href":"https:\/\/www.medical-team-mutschellen.ch\/index.php?rest_route=%2Fwp%2Fv2%2Fcomments&post=2"}],"version-history":[{"count":11,"href":"https:\/\/www.medical-team-mutschellen.ch\/index.php?rest_route=\/wp\/v2\/pages\/2\/revisions"}],"predecessor-version":[{"id":1357,"href":"https:\/\/www.medical-team-mutschellen.ch\/index.php?rest_route=\/wp\/v2\/pages\/2\/revisions\/1357"}],"wp:attachment":[{"href":"https:\/\/www.medical-team-mutschellen.ch\/index.php?rest_route=%2Fwp%2Fv2%2Fmedia&parent=2"}],"curies":[{"name":"wp","href":"https:\/\/api.w.org\/{rel}","templated":true}]}}