{"id":1117,"date":"2023-02-26T19:56:48","date_gmt":"2023-02-26T19:56:48","guid":{"rendered":"https:\/\/neu.medical-team-mutschellen.ch\/?page_id=1117"},"modified":"2023-02-26T21:47:55","modified_gmt":"2023-02-26T21:47:55","slug":"schulungen-2","status":"publish","type":"page","link":"https:\/\/www.medical-team-mutschellen.ch\/?page_id=1117","title":{"rendered":"Schulungen"},"content":{"rendered":"\n<p>Speziell an Ihre Firma, Organisation oder Verein angepasste Schulungen sind unsere Spezialit\u00e4t. Wir kommen vor Ort oder stellen R\u00e4umlichkeiten zur Verf\u00fcgung&nbsp;um Ihnen die gr\u00f6sstm\u00f6gliche Flexibilit\u00e4t zu geben.<\/p>\n\n\n\n<p>Unsere Schulungen k\u00f6nnen wir pr\u00e4zise auf Ihre W\u00fcnsche anpassen, sodass die richtigen Themen diskutiert und praxisnahe \u00dcbungen durchgef\u00fchrt werden k\u00f6nnen.<\/p>\n\n\n\n<p>Durch unsere grosse Erfahrung auf diesem Bereich, k\u00f6nnen wir Sie ebenso tatkr\u00e4ftig beim internen Notfallkonzept unterst\u00fctzen.<\/p>\n\n\n\n<h2 class=\"wp-block-heading\"><strong>Fragen Sie uns, wir sind gespannt auf Ihre Vorstellungen.<\/strong><\/h2>\n","protected":false},"excerpt":{"rendered":"<p>Speziell an Ihre Firma, Organisation oder Verein angepasste Schulungen sind unsere Spezialit\u00e4t. Wir kommen vor Ort oder stellen R\u00e4umlichkeiten zur Verf\u00fcgung&nbsp;um Ihnen die gr\u00f6sstm\u00f6gliche Flexibilit\u00e4t zu geben. Unsere Schulungen k\u00f6nnen wir pr\u00e4zise auf Ihre W\u00fcnsche anpassen, sodass die richtigen Themen diskutiert und praxisnahe \u00dcbungen durchgef\u00fchrt werden k\u00f6nnen. Durch unsere grosse Erfahrung auf diesem Bereich, k\u00f6nnen wir Sie ebenso tatkr\u00e4ftig beim internen Notfallkonzept unterst\u00fctzen. Fragen Sie uns, wir sind gespannt auf Ihre Vorstellungen.<\/p>\n","protected":false},"author":1,"featured_media":0,"parent":0,"menu_order":0,"comment_status":"closed","ping_status":"closed","template":"","meta":{"footnotes":""},"class_list":["post-1117","page","type-page","status-publish","hentry"],"_links":{"self":[{"href":"https:\/\/www.medical-team-mutschellen.ch\/index.php?rest_route=\/wp\/v2\/pages\/1117","targetHints":{"allow":["GET"]}}],"collection":[{"href":"https:\/\/www.medical-team-mutschellen.ch\/index.php?rest_route=\/wp\/v2\/pages"}],"about":[{"href":"https:\/\/www.medical-team-mutschellen.ch\/index.php?rest_route=\/wp\/v2\/types\/page"}],"author":[{"embeddable":true,"href":"https:\/\/www.medical-team-mutschellen.ch\/index.php?rest_route=\/wp\/v2\/users\/1"}],"replies":[{"embeddable":true,"href":"https:\/\/www.medical-team-mutschellen.ch\/index.php?rest_route=%2Fwp%2Fv2%2Fcomments&post=1117"}],"version-history":[{"count":2,"href":"https:\/\/www.medical-team-mutschellen.ch\/index.php?rest_route=\/wp\/v2\/pages\/1117\/revisions"}],"predecessor-version":[{"id":1163,"href":"https:\/\/www.medical-team-mutschellen.ch\/index.php?rest_route=\/wp\/v2\/pages\/1117\/revisions\/1163"}],"wp:attachment":[{"href":"https:\/\/www.medical-team-mutschellen.ch\/index.php?rest_route=%2Fwp%2Fv2%2Fmedia&parent=1117"}],"curies":[{"name":"wp","href":"https:\/\/api.w.org\/{rel}","templated":true}]}}